{"id":24342,"date":"2022-05-11T10:18:39","date_gmt":"2022-05-11T08:18:39","guid":{"rendered":"https:\/\/anibaldeotero.es\/?post_type=product&#038;p=24342"},"modified":"2025-06-03T00:34:00","modified_gmt":"2025-06-02T22:34:00","slug":"ao-villa-de-otero-2019-magnum-descubre-esta-nueva-anada-en-un-formato-especial","status":"publish","type":"product","link":"https:\/\/anibaldeotero.es\/en\/product\/ao-villa-de-otero-2019-magnum-descubre-esta-nueva-anada-en-un-formato-especial\/","title":{"rendered":"AO Villa de Otero 2019 Magnum"},"content":{"rendered":"<div class=\"page\" title=\"Page 1\">\n<div class=\"section\">\n<div class=\"layoutArea\">\n<div class=\"column\">\n<h5><em>env\u00edo gratuito a partir de 99\u20ac<\/em><\/h5>\n<p>Este vino se ha elaborado exclusivamente con uva menc\u00eda de cepas en vaso con una edad media superior a los 90 an\u0303os. Situadas en los alrededores del pueblo de Otero de Toral, en pendiente y altura a 530 m. de altitud. Fueron plantadas y cultivadas ininterrumpidamente por la familia por ma\u0301s de tres generaciones. El terreno es una mezcla de arcilla y pizarra y cascajos. Nuestra prioridad es el mayor respeto a la calidad u\u0301nica de la uva. Toda nuestra agricultura es ecolo\u0301gica siguiendo me\u0301todos tradicionales. Despue\u0301s de una corta crianza en barricas de roble france\u0301s seminuevas, ha permanecido reposando en la bodega. El resultado es este vino, con un cara\u0301cter u\u0301nico profundamente conectado con el terroir del Bierzo.<\/p>\n<\/div>\n<\/div>\n<\/div>\n<\/div>","protected":false},"excerpt":{"rendered":"<p>This wine is made exclusively with Menc\u00eda grapes from goblet-trained vines, with an average age of more than 90 years, located in the area around the village of Otero, on a slope and at high altitude. They were planted and cultivated by the family for more than three generations, in a soil that mixes clay and slate.<\/p>\n<p>Our priority is the utmost respect for the unique quality of our grapes. All our agriculture is organic, following traditional methods.<\/p>\n<p>After a short ageing in semi-new French oak barrels, Villa de Otero 2017 was aged for a further 3 years in the cellar. The result is a wine with a unique character, deeply connected with the\u00a0<em>terroir<\/em> del Bierzo.<\/p>","protected":false},"featured_media":24343,"comment_status":"open","ping_status":"closed","template":"","meta":[],"yoast_head":"<!-- This site is optimized with the Yoast SEO plugin v22.3 - https:\/\/yoast.com\/wordpress\/plugins\/seo\/ -->\n<title>AO Villa de Otero 2019 Magnum - An\u00edbal de Otero<\/title>\n<meta name=\"description\" content=\"En Villa de Otero embotellamos una emoci\u00f3n, un origen, un pueblo\u2026 seleccionamos cepas espec\u00edficas de diferentes parajes,todas dentro del municipio de Otero, nuestro pueblo, todas con m\u00e1s de 90 a\u00f1os.\" \/>\n<meta name=\"robots\" content=\"index, follow, max-snippet:-1, max-image-preview:large, max-video-preview:-1\" \/>\n<link rel=\"canonical\" href=\"https:\/\/anibaldeotero.es\/en\/product\/ao-villa-de-otero-2019-magnum-descubre-esta-nueva-anada-en-un-formato-especial\/\" \/>\n<meta property=\"og:locale\" content=\"en_GB\" \/>\n<meta property=\"og:type\" content=\"article\" \/>\n<meta property=\"og:title\" content=\"AO Villa de Otero 2019 Magnum - An\u00edbal de Otero\" \/>\n<meta property=\"og:description\" content=\"En Villa de Otero embotellamos una emoci\u00f3n, un origen, un pueblo\u2026 seleccionamos cepas espec\u00edficas de diferentes parajes,todas dentro del municipio de Otero, nuestro pueblo, todas con m\u00e1s de 90 a\u00f1os.\" \/>\n<meta property=\"og:url\" content=\"https:\/\/anibaldeotero.es\/en\/product\/ao-villa-de-otero-2019-magnum-descubre-esta-nueva-anada-en-un-formato-especial\/\" \/>\n<meta property=\"og:site_name\" content=\"An\u00edbal de Otero\" \/>\n<meta property=\"article:modified_time\" content=\"2025-06-02T22:34:00+00:00\" \/>\n<meta property=\"og:image\" content=\"https:\/\/anibaldeotero.es\/wp-content\/uploads\/2022\/05\/Otero-2019-Magnum.png\" \/>\n\t<meta property=\"og:image:width\" content=\"1000\" \/>\n\t<meta property=\"og:image:height\" content=\"1000\" \/>\n\t<meta property=\"og:image:type\" content=\"image\/png\" \/>\n<meta name=\"twitter:card\" content=\"summary_large_image\" \/>\n<meta name=\"twitter:label1\" content=\"Estimated reading time\" \/>\n\t<meta name=\"twitter:data1\" content=\"1 minute\" \/>\n<script type=\"application\/ld+json\" class=\"yoast-schema-graph\">{\"@context\":\"https:\/\/schema.org\",\"@graph\":[{\"@type\":\"WebPage\",\"@id\":\"https:\/\/anibaldeotero.es\/producto\/ao-villa-de-otero-2019-magnum-descubre-esta-nueva-anada-en-un-formato-especial\/\",\"url\":\"https:\/\/anibaldeotero.es\/producto\/ao-villa-de-otero-2019-magnum-descubre-esta-nueva-anada-en-un-formato-especial\/\",\"name\":\"AO Villa de Otero 2019 Magnum - An\u00edbal de Otero\",\"isPartOf\":{\"@id\":\"https:\/\/anibaldeotero.es\/de\/#website\"},\"primaryImageOfPage\":{\"@id\":\"https:\/\/anibaldeotero.es\/producto\/ao-villa-de-otero-2019-magnum-descubre-esta-nueva-anada-en-un-formato-especial\/#primaryimage\"},\"image\":{\"@id\":\"https:\/\/anibaldeotero.es\/producto\/ao-villa-de-otero-2019-magnum-descubre-esta-nueva-anada-en-un-formato-especial\/#primaryimage\"},\"thumbnailUrl\":\"https:\/\/anibaldeotero.es\/wp-content\/uploads\/2022\/05\/Otero-2019-Magnum.png\",\"datePublished\":\"2022-05-11T08:18:39+00:00\",\"dateModified\":\"2025-06-02T22:34:00+00:00\",\"description\":\"En Villa de Otero embotellamos una emoci\u00f3n, un origen, un pueblo\u2026 seleccionamos cepas espec\u00edficas de diferentes parajes,todas dentro del municipio de Otero, nuestro pueblo, todas con m\u00e1s de 90 a\u00f1os.\",\"breadcrumb\":{\"@id\":\"https:\/\/anibaldeotero.es\/producto\/ao-villa-de-otero-2019-magnum-descubre-esta-nueva-anada-en-un-formato-especial\/#breadcrumb\"},\"inLanguage\":\"en-GB\",\"potentialAction\":[{\"@type\":\"ReadAction\",\"target\":[\"https:\/\/anibaldeotero.es\/producto\/ao-villa-de-otero-2019-magnum-descubre-esta-nueva-anada-en-un-formato-especial\/\"]}]},{\"@type\":\"ImageObject\",\"inLanguage\":\"en-GB\",\"@id\":\"https:\/\/anibaldeotero.es\/producto\/ao-villa-de-otero-2019-magnum-descubre-esta-nueva-anada-en-un-formato-especial\/#primaryimage\",\"url\":\"https:\/\/anibaldeotero.es\/wp-content\/uploads\/2022\/05\/Otero-2019-Magnum.png\",\"contentUrl\":\"https:\/\/anibaldeotero.es\/wp-content\/uploads\/2022\/05\/Otero-2019-Magnum.png\",\"width\":1000,\"height\":1000},{\"@type\":\"BreadcrumbList\",\"@id\":\"https:\/\/anibaldeotero.es\/producto\/ao-villa-de-otero-2019-magnum-descubre-esta-nueva-anada-en-un-formato-especial\/#breadcrumb\",\"itemListElement\":[{\"@type\":\"ListItem\",\"position\":1,\"name\":\"Portada\",\"item\":\"https:\/\/anibaldeotero.es\/\"},{\"@type\":\"ListItem\",\"position\":2,\"name\":\"Tienda\",\"item\":\"https:\/\/anibaldeotero.es\/tienda\/\"},{\"@type\":\"ListItem\",\"position\":3,\"name\":\"AO Villa de Otero 2019 Magnum\"}]},{\"@type\":\"WebSite\",\"@id\":\"https:\/\/anibaldeotero.es\/de\/#website\",\"url\":\"https:\/\/anibaldeotero.es\/de\/\",\"name\":\"An\u00edbal de Otero\",\"description\":\"Aut\u00e9ntico Vino del Bierzo\",\"potentialAction\":[{\"@type\":\"SearchAction\",\"target\":{\"@type\":\"EntryPoint\",\"urlTemplate\":\"https:\/\/anibaldeotero.es\/de\/?s={search_term_string}\"},\"query-input\":\"required name=search_term_string\"}],\"inLanguage\":\"en-GB\"}]}<\/script>\n<!-- \/ Yoast SEO plugin. -->","yoast_head_json":{"title":"AO Villa de Otero 2019 Magnum - An\u00edbal de Otero","description":"En Villa de Otero embotellamos una emoci\u00f3n, un origen, un pueblo\u2026 seleccionamos cepas espec\u00edficas de diferentes parajes,todas dentro del municipio de Otero, nuestro pueblo, todas con m\u00e1s de 90 a\u00f1os.","robots":{"index":"index","follow":"follow","max-snippet":"max-snippet:-1","max-image-preview":"max-image-preview:large","max-video-preview":"max-video-preview:-1"},"canonical":"https:\/\/anibaldeotero.es\/en\/product\/ao-villa-de-otero-2019-magnum-descubre-esta-nueva-anada-en-un-formato-especial\/","og_locale":"en_GB","og_type":"article","og_title":"AO Villa de Otero 2019 Magnum - An\u00edbal de Otero","og_description":"En Villa de Otero embotellamos una emoci\u00f3n, un origen, un pueblo\u2026 seleccionamos cepas espec\u00edficas de diferentes parajes,todas dentro del municipio de Otero, nuestro pueblo, todas con m\u00e1s de 90 a\u00f1os.","og_url":"https:\/\/anibaldeotero.es\/en\/product\/ao-villa-de-otero-2019-magnum-descubre-esta-nueva-anada-en-un-formato-especial\/","og_site_name":"An\u00edbal de Otero","article_modified_time":"2025-06-02T22:34:00+00:00","og_image":[{"width":1000,"height":1000,"url":"https:\/\/anibaldeotero.es\/wp-content\/uploads\/2022\/05\/Otero-2019-Magnum.png","type":"image\/png"}],"twitter_card":"summary_large_image","twitter_misc":{"Estimated reading time":"1 minute"},"schema":{"@context":"https:\/\/schema.org","@graph":[{"@type":"WebPage","@id":"https:\/\/anibaldeotero.es\/producto\/ao-villa-de-otero-2019-magnum-descubre-esta-nueva-anada-en-un-formato-especial\/","url":"https:\/\/anibaldeotero.es\/producto\/ao-villa-de-otero-2019-magnum-descubre-esta-nueva-anada-en-un-formato-especial\/","name":"AO Villa de Otero 2019 Magnum - An\u00edbal de Otero","isPartOf":{"@id":"https:\/\/anibaldeotero.es\/de\/#website"},"primaryImageOfPage":{"@id":"https:\/\/anibaldeotero.es\/producto\/ao-villa-de-otero-2019-magnum-descubre-esta-nueva-anada-en-un-formato-especial\/#primaryimage"},"image":{"@id":"https:\/\/anibaldeotero.es\/producto\/ao-villa-de-otero-2019-magnum-descubre-esta-nueva-anada-en-un-formato-especial\/#primaryimage"},"thumbnailUrl":"https:\/\/anibaldeotero.es\/wp-content\/uploads\/2022\/05\/Otero-2019-Magnum.png","datePublished":"2022-05-11T08:18:39+00:00","dateModified":"2025-06-02T22:34:00+00:00","description":"En Villa de Otero embotellamos una emoci\u00f3n, un origen, un pueblo\u2026 seleccionamos cepas espec\u00edficas de diferentes parajes,todas dentro del municipio de Otero, nuestro pueblo, todas con m\u00e1s de 90 a\u00f1os.","breadcrumb":{"@id":"https:\/\/anibaldeotero.es\/producto\/ao-villa-de-otero-2019-magnum-descubre-esta-nueva-anada-en-un-formato-especial\/#breadcrumb"},"inLanguage":"en-GB","potentialAction":[{"@type":"ReadAction","target":["https:\/\/anibaldeotero.es\/producto\/ao-villa-de-otero-2019-magnum-descubre-esta-nueva-anada-en-un-formato-especial\/"]}]},{"@type":"ImageObject","inLanguage":"en-GB","@id":"https:\/\/anibaldeotero.es\/producto\/ao-villa-de-otero-2019-magnum-descubre-esta-nueva-anada-en-un-formato-especial\/#primaryimage","url":"https:\/\/anibaldeotero.es\/wp-content\/uploads\/2022\/05\/Otero-2019-Magnum.png","contentUrl":"https:\/\/anibaldeotero.es\/wp-content\/uploads\/2022\/05\/Otero-2019-Magnum.png","width":1000,"height":1000},{"@type":"BreadcrumbList","@id":"https:\/\/anibaldeotero.es\/producto\/ao-villa-de-otero-2019-magnum-descubre-esta-nueva-anada-en-un-formato-especial\/#breadcrumb","itemListElement":[{"@type":"ListItem","position":1,"name":"Portada","item":"https:\/\/anibaldeotero.es\/"},{"@type":"ListItem","position":2,"name":"Tienda","item":"https:\/\/anibaldeotero.es\/tienda\/"},{"@type":"ListItem","position":3,"name":"AO Villa de Otero 2019 Magnum"}]},{"@type":"WebSite","@id":"https:\/\/anibaldeotero.es\/de\/#website","url":"https:\/\/anibaldeotero.es\/de\/","name":"An\u00edbal de Otero","description":"Aut\u00e9ntico Vino del Bierzo","potentialAction":[{"@type":"SearchAction","target":{"@type":"EntryPoint","urlTemplate":"https:\/\/anibaldeotero.es\/de\/?s={search_term_string}"},"query-input":"required name=search_term_string"}],"inLanguage":"en-GB"}]}},"_links":{"self":[{"href":"https:\/\/anibaldeotero.es\/en\/wp-json\/wp\/v2\/product\/24342"}],"collection":[{"href":"https:\/\/anibaldeotero.es\/en\/wp-json\/wp\/v2\/product"}],"about":[{"href":"https:\/\/anibaldeotero.es\/en\/wp-json\/wp\/v2\/types\/product"}],"replies":[{"embeddable":true,"href":"https:\/\/anibaldeotero.es\/en\/wp-json\/wp\/v2\/comments?post=24342"}],"wp:featuredmedia":[{"embeddable":true,"href":"https:\/\/anibaldeotero.es\/en\/wp-json\/wp\/v2\/media\/24343"}],"wp:attachment":[{"href":"https:\/\/anibaldeotero.es\/en\/wp-json\/wp\/v2\/media?parent=24342"}],"curies":[{"name":"wp","href":"https:\/\/api.w.org\/{rel}","templated":true}]}}

<div class="page" title="Page 1">
<div class="section">
<div class="layoutArea">
<div class="column">
<h5><em>envío gratuito a partir de 99€</em></h5>
<p>Este vino se ha elaborado exclusivamente con uva mencía de cepas en vaso con una edad media superior a los 90 años. Situadas en los alrededores del pueblo de Otero de Toral, en pendiente y altura a 530 m. de altitud. Fueron plantadas y cultivadas ininterrumpidamente por la familia por más de tres generaciones. El terreno es una mezcla de arcilla y pizarra y cascajos. Nuestra prioridad es el mayor respeto a la calidad única de la uva. Toda nuestra agricultura es ecológica siguiendo métodos tradicionales. Después de una corta crianza en barricas de roble francés seminuevas, ha permanecido reposando en la bodega. El resultado es este vino, con un carácter único profundamente conectado con el terroir del Bierzo.</p>
</div>
</div>
</div>
</div>

<p>This wine is made exclusively with Mencía grapes from goblet-trained vines, with an average age of more than 90 years, located in the area around the village of Otero, on a slope and at high altitude. They were planted and cultivated by the family for more than three generations, in a soil that mixes clay and slate.</p>
<p>Our priority is the utmost respect for the unique quality of our grapes. All our agriculture is organic, following traditional methods.</p>
<p>After a short ageing in semi-new French oak barrels, Villa de Otero 2017 was aged for a further 3 years in the cellar. The result is a wine with a unique character, deeply connected with the <em>terroir</em> del Bierzo.</p>

<!-- This site is optimized with the Yoast SEO plugin v22.3 - https://yoast.com/wordpress/plugins/seo/ -->
<title>AO Villa de Otero 2019 Magnum - Aníbal de Otero</title>
<meta name="description" content="En Villa de Otero embotellamos una emoción, un origen, un pueblo… seleccionamos cepas específicas de diferentes parajes,todas dentro del municipio de Otero, nuestro pueblo, todas con más de 90 años." />
<meta name="robots" content="index, follow, max-snippet:-1, max-image-preview:large, max-video-preview:-1" />
<link rel="canonical" href="https://anibaldeotero.es/en/product/ao-villa-de-otero-2019-magnum-descubre-esta-nueva-anada-en-un-formato-especial/" />
<meta property="og:locale" content="en_GB" />
<meta property="og:type" content="article" />
<meta property="og:title" content="AO Villa de Otero 2019 Magnum - Aníbal de Otero" />
<meta property="og:description" content="En Villa de Otero embotellamos una emoción, un origen, un pueblo… seleccionamos cepas específicas de diferentes parajes,todas dentro del municipio de Otero, nuestro pueblo, todas con más de 90 años." />
<meta property="og:url" content="https://anibaldeotero.es/en/product/ao-villa-de-otero-2019-magnum-descubre-esta-nueva-anada-en-un-formato-especial/" />
<meta property="og:site_name" content="Aníbal de Otero" />
<meta property="article:modified_time" content="2025-06-02T22:34:00+00:00" />
<meta property="og:image" content="https://anibaldeotero.es/wp-content/uploads/2022/05/Otero-2019-Magnum.png" />
	<meta property="og:image:width" content="1000" />
	<meta property="og:image:height" content="1000" />
	<meta property="og:image:type" content="image/png" />
<meta name="twitter:card" content="summary_large_image" />
<meta name="twitter:label1" content="Estimated reading time" />
	<meta name="twitter:data1" content="1 minute" />
<script type="application/ld+json" class="yoast-schema-graph">{"@context":"https://schema.org","@graph":[{"@type":"WebPage","@id":"https://anibaldeotero.es/producto/ao-villa-de-otero-2019-magnum-descubre-esta-nueva-anada-en-un-formato-especial/","url":"https://anibaldeotero.es/producto/ao-villa-de-otero-2019-magnum-descubre-esta-nueva-anada-en-un-formato-especial/","name":"AO Villa de Otero 2019 Magnum - Aníbal de Otero","isPartOf":{"@id":"https://anibaldeotero.es/de/#website"},"primaryImageOfPage":{"@id":"https://anibaldeotero.es/producto/ao-villa-de-otero-2019-magnum-descubre-esta-nueva-anada-en-un-formato-especial/#primaryimage"},"image":{"@id":"https://anibaldeotero.es/producto/ao-villa-de-otero-2019-magnum-descubre-esta-nueva-anada-en-un-formato-especial/#primaryimage"},"thumbnailUrl":"https://anibaldeotero.es/wp-content/uploads/2022/05/Otero-2019-Magnum.png","datePublished":"2022-05-11T08:18:39+00:00","dateModified":"2025-06-02T22:34:00+00:00","description":"En Villa de Otero embotellamos una emoción, un origen, un pueblo… seleccionamos cepas específicas de diferentes parajes,todas dentro del municipio de Otero, nuestro pueblo, todas con más de 90 años.","breadcrumb":{"@id":"https://anibaldeotero.es/producto/ao-villa-de-otero-2019-magnum-descubre-esta-nueva-anada-en-un-formato-especial/#breadcrumb"},"inLanguage":"en-GB","potentialAction":[{"@type":"ReadAction","target":["https://anibaldeotero.es/producto/ao-villa-de-otero-2019-magnum-descubre-esta-nueva-anada-en-un-formato-especial/"]}]},{"@type":"ImageObject","inLanguage":"en-GB","@id":"https://anibaldeotero.es/producto/ao-villa-de-otero-2019-magnum-descubre-esta-nueva-anada-en-un-formato-especial/#primaryimage","url":"https://anibaldeotero.es/wp-content/uploads/2022/05/Otero-2019-Magnum.png","contentUrl":"https://anibaldeotero.es/wp-content/uploads/2022/05/Otero-2019-Magnum.png","width":1000,"height":1000},{"@type":"BreadcrumbList","@id":"https://anibaldeotero.es/producto/ao-villa-de-otero-2019-magnum-descubre-esta-nueva-anada-en-un-formato-especial/#breadcrumb","itemListElement":[{"@type":"ListItem","position":1,"name":"Portada","item":"https://anibaldeotero.es/"},{"@type":"ListItem","position":2,"name":"Tienda","item":"https://anibaldeotero.es/tienda/"},{"@type":"ListItem","position":3,"name":"AO Villa de Otero 2019 Magnum"}]},{"@type":"WebSite","@id":"https://anibaldeotero.es/de/#website","url":"https://anibaldeotero.es/de/","name":"Aníbal de Otero","description":"Auténtico Vino del Bierzo","potentialAction":[{"@type":"SearchAction","target":{"@type":"EntryPoint","urlTemplate":"https://anibaldeotero.es/de/?s={search_term_string}"},"query-input":"required name=search_term_string"}],"inLanguage":"en-GB"}]}</script>
<!-- / Yoast SEO plugin. -->

AO Villa de Otero 2019 Magnum - Aníbal de Otero

En Villa de Otero embotellamos una emoción, un origen, un pueblo… seleccionamos cepas específicas de diferentes parajes,todas dentro del municipio de Otero, nuestro pueblo, todas con más de 90 años.

Aníbal de Otero

Auténtico Vino del Bierzo
